s - 72 = 0. What is the remainder when 47 is divided by n?
15
What is the remainder when (736/40)/((-14)/(-10) + -1) is divided by 16?
14
Suppose 0 = -7*w + 5*w + 10. Suppose w*u + 14 = 3*k, 5*k + u - 3*u - 17 = 0. Suppose -p - 14 = -k*p. What is the remainder when 19 is divided by p?
5
Suppose -1776 = -26*c + 2*c. What is the remainder when 147 is divided by c?
73
Let q(g) = -g**2 - 13*g - 7. Let b be -2 - 12 - (5 - 2)*-1. Suppose f + 205 = 6*f. Calculate the remainder when f is divided by q(b).
11
Calculate the remainder when 82 is divided by (5 + -12 - -2)*1 + 22.
14
Let r(d) = 4*d + 2. Let v be r(-7). Let p be (-765)/20 - 6/8. Let i = v - p. Calculate the remainder when 50 is divided by i.
11
Let w be -28*(-3)/(-24)*-14. Let m = w + -10. What is the remainder when 231 is divided by m?
36
Suppose -13*t + 38 = -183. What is the remainder when 67 is divided by t?
16
What is the remainder when ((-66)/5)/((-6)/20) is divided by (-183)/(-8) - (-4)/32?
21
Suppose -7*n = 55 - 160. Suppose 3*a - 2*c - 27 = 0, -a - 2*c = -1 - 8. What is the remainder when n is divided by a?
6
Suppose -57 = 22*v - 25*v. Let g = -66 - -98. What is the remainder when g is divided by v?
13
Let n be 15 - 15 - 2*1. Let w = n + 26. What is the remainder when w is divided by 13?
11
What is the remainder when 9/(-1*3) + 4725/27 is divided by 44?
40
Suppose 0 = -3*s + 3*r - r - 13, 7 = -2*s + 3*r. What is the remainder when 13*(2 + (s - -4)) is divided by 7?
6
Let m(v) = -v**2 - 3*v - 180. Let d be m(0). What is the remainder when (6/(-10))/(6/d) is divided by 10?
8
Let f(q) = q**3 - 12*q**2 + 12*q + 3. Calculate the remainder when -1 + 73 + (-1 - 2) is divided by f(11).
13
What is the remainder when 1181 is divided by 3 - (-2*65/10)/1?
13
What is the remainder when 21 is divided by ((-130)/39)/((-28)/24 - -1)?
1
Suppose -17*f + 559 = -903. What is the remainder when f is divided by 48?
38
Let t(h) = h + 135. What is the remainder when t(-35) is divided by 63?
37
Suppose 0 = 3*r - 4*f - 95, -f - 5 = -0. What is the remainder when r is divided by (-44 - -18)*1/(-2)*1?
12
Calculate the remainder when 1/(-3)*1 - 9030/(-63) is divided by 55.
33
Let o(r) = -r**3 + 12*r**2 + 2*r - 18. Let d be o(12). What is the remainder when 1/(-2) + 139/2 is divided by (-3 - -7)*27/d?
15
What is the remainder when ((-888)/30)/(-2*4/20) is divided by 35?
4
Suppose 0 = -3*m + 6*m + 8*m - 44. Suppose 5*y - 40 = 3*y. Suppose 4*i - 18 = -x - 0*x, 0 = -4*x - 3*i + y. What is the remainder when m is divided by x?
0
Let t = 42 - 18. Let f(r) = 12*r - 98. Calculate the remainder when f(14) is divided by t.
22
What is the remainder when ((-18)/(-36))/((-2)/(-308)) is divided by 5?
2
Suppose -5*f + 268 = -4*z, 31*f - 27*f - 4*z = 216. What is the remainder when 75 is divided by f?
23
Suppose -4*a = 3 - 23. Suppose -5*d = -4*h + 164, -h + a*d + 34 = -22. Let s = 14 - -5. Calculate the remainder when h is divided by s.
17
Suppose -4*x - 84 = 72. Let t = 146 + x. Calculate the remainder when t is divided by 27.
26
Suppose 27 = 2*w - 6*w - 5*d, 57 = -4*w + d. Let b = w - -22. Calculate the remainder when 78/5 + 14/35 is divided by b.
7
Suppose -176 = -3*l - 4*w, -9 = -2*l - 2*w + 105. Let o(h) = -9*h - 71 + 134 - 72. What is the remainder when l is divided by o(-4)?
25
Let y(f) = -20*f - 28. Let x(h) = -h**3 + h + 6. Calculate the remainder when x(-5) is divided by y(-3).
30
Let b(j) = j**2 + 3*j + 2. Suppose -5*y - 2*h - h + 34 = 0, 4*h + 8 = 4*y. Suppose 0 = -0*g + g - y. Calculate the remainder when g is divided by b(-3).
1
Let o(g) = -g**3 + 10*g**2 + 3*g - 5. Let m be o(10). Suppose 2*x + m = s, -x + 38 = 2*s - 2*x. What is the remainder when 65 is divided by s?
14
Let f(s) = -s**3 - 12*s**2 - 12*s - 11. Let h be f(-11). Suppose 56 = 2*v + 2*c, h*v + 3*v - 108 = 5*c. What is the remainder when v is divided by 12?
7
Let w = 60 - -44. Let s(o) = 4*o**2 - 59*o + 21. Calculate the remainder when w is divided by s(15).
32
Let n = -8 + 21. Suppose -3*g - g + 34 = -2*b, -n = -g - 4*b. What is the remainder when 32 is divided by g?
5
Let j = 146 - 75. Let a = -45 + j. What is the remainder when 49 is divided by a?
23
Suppose -2*o = -11*b + 9*b + 8, -4*o = 5*b - 38. Let w(x) = -2*x - 1. What is the remainder when w(-5) is divided by b?
3
Let t(f) = -f**3 - 38*f**2 + 37*f - 33. Calculate the remainder when 86 is divided by t(-39).
41
Let a(q) = -q**2 - 17*q - 47. What is the remainder when 85 is divided by a(-7)?
16
Let t be ((-4)/(-6))/(20/30). Let r = t + -25. What is the remainder when 1/4 - 498/r is divided by 6?
3
Suppose 1 + 39 = -2*z. Suppose -65 = -11*d + 10*d. Let s = d + z. What is the remainder when s is divided by 12?
9
Let y(g) = -g - 2. Let p be y(-3). Suppose -q + m + 9 = p, -2*m = -5*q + 52. What is the remainder when 47 is divided by q?
11
Let w(m) = 3 - 20*m**2 + 1 - 3 + 2*m - 3. Let x be w(1). Let b = 34 + x. What is the remainder when b is divided by 4?
2
Let s = 638 - 623. Calculate the remainder when 68 is divided by s.
8
Let f = -86 - -87. Calculate the remainder when (5/(-15))/(f + -2)*33 is divided by 7.
4
Let z(c) = 2*c**3. Let t be z(1). Let u = 22 - 9. Calculate the remainder when 2/(t/35) + 3 is divided by u.
12
Suppose 0 = -3*m + 5*n + 170, 5*m + 4*n = 3*m + 106. Suppose u - 9 = 19. What is the remainder when m is divided by u?
27
Let k(u) = -u**3 + 22*u**2 + 22*u + 15. Let l be k(23). Calculate the remainder when l*(-8)/256 - (-95)/4 is divided by ((-1)/(2/18))/(-1).
6
Calculate the remainder when 65 is divided by ((-54)/4)/9 + (-154)/(-4).
28
Let o(b) = -b**3 - 9*b**2 - 20*b - 19. Calculate the remainder when o(-8) is divided by 16.
13
Let p = -100 + 183. Let m = -61 + p. What is the remainder when (26/(-4))/((-2)/20) is divided by m?
21
Let j = -1020 + 1062. Calculate the remainder when j is divided by 27.
15
Suppose 3*k + 2*j = 13, -3*k + j + 8 = 1. Suppose 3*a = d - 16, 2*a = -d - 0*a + 6. Calculate the remainder when -5*(6/(-10) - k) is divided by d.
8
Suppose c = -2*f + 38, 3*c - 5*f - 201 + 32 = 0. What is the remainder when 134 is divided by c?
38
Let t = -177 - -241. Suppose 2*c + 3*c + 150 = 0. Let l = c + t. What is the remainder when l is divided by 12?
10
Let l be 1/(2*2/(-12)). Let p = 28 + l. What is the remainder when p is divided by 13?
12
Let j(f) be the first derivative of -85*f**2/2 + f + 1. Suppose 2*c = -78 + 136. What is the remainder when j(-1) is divided by c?
28
Let b(w) = w - 21. Let s be b(14). What is the remainder when 62 is divided by (1/3)/(s/(-147))?
6
Let g be (-1)/(-2) - (-2)/4. Suppose -w + 206 - 41 = 5*s, 0 = -3*s - w + 101. What is the remainder when s is divided by (-42)/(-4) + g/2?
10
Let k = 281 + -215. Calculate the remainder when 193 is divided by k.
61
Let d(t) = -t - 2. Let u be d(-5). Suppose -q = -i - u - 1, 3*q + i - 4 = 0. Calculate the remainder when 46 is divided by 15 + 1*(-6)/q.
10
Let w be 8/(-44) - 171/(-33). Suppose p + 4 = -w*s, -8 = -5*s + 17. Let o = p - -44. What is the remainder when 27 is divided by o?
12
Suppose 276 = -z + 4*z. Calculate the remainder when z is divided by 29.
5
Let t = 189 + -179. What is the remainder when 73 is divided by t?
3
Suppose 3*z = -5*z + 56. Suppose -48 = -z*s + 141. Calculate the remainder when 78 is divided by s.
24
Let p = 14 - 15. Let w(j) = 6*j - 5. Calculate the remainder when w(6) is divided by p/(-1*3/51).
14
Let c = -38 + 158. Calculate the remainder when c is divided by 21.
15
Suppose -63*i + 3*z + 79 = -58*i, 0 = -5*i + z + 73. Calculate the remainder when 693 is divided by i.
7
Calculate the remainder when (174/9)/(1/((-18)/(-4))) is divided by 13.
9
Suppose 0*t - 15*t + 345 = 0. Let s be 0/(-4 - -3) + -76. Let o = s - -143. What is the remainder when o is divided by t?
21
Let t = -52 - -29. Let d = -13 - t. Let o = -17 + 35. What is the remainder when o is divided by d?
8
Suppose 3776*c - 3772*c = 112. Suppose -2*o - t + 18 = 0, 4*o = -0*t - 3*t + 34. Calculate the remainder when c is divided by o.
8
Let n(x) = -20*x + 29. Calculate the remainder when n(-6) is divided by 15.
14
Let c(q) be the third derivative of q**5/6 + q**4/8 + 7*q**3/6 - q**2. Calculate the remainder when c(4) is divided by 45.
44
Suppose u = -5*d, -3*u = -5*d + d. Let f = 15 + -11. Suppose f*c = -0*c - 3*